{"id":755,"date":"2025-04-16T16:54:33","date_gmt":"2025-04-16T14:54:33","guid":{"rendered":"http:\/\/relaunch.assmann-kiel.de\/?page_id=755"},"modified":"2026-01-21T14:18:18","modified_gmt":"2026-01-21T13:18:18","slug":"impressum","status":"publish","type":"page","link":"https:\/\/www.assmann-kiel.de\/index.php\/impressum\/","title":{"rendered":"Impressum"},"content":{"rendered":"\n<style type=\"text\/css\" data-created_by=\"avia_inline_auto\" id=\"style-css-av-m9k1ymlb-92006676fc505b2ef51be701d2680b0f\">\n#top .av-special-heading.av-m9k1ymlb-92006676fc505b2ef51be701d2680b0f{\npadding-bottom:50px;\n}\nbody .av-special-heading.av-m9k1ymlb-92006676fc505b2ef51be701d2680b0f .av-special-heading-tag .heading-char{\nfont-size:25px;\n}\n.av-special-heading.av-m9k1ymlb-92006676fc505b2ef51be701d2680b0f .special-heading-inner-border{\nborder-color:#0070e8;\n}\n.av-special-heading.av-m9k1ymlb-92006676fc505b2ef51be701d2680b0f .av-subheading{\nfont-size:15px;\n}\nbody .av-special-heading.av-m9k1ymlb-92006676fc505b2ef51be701d2680b0f .av-special-heading-tag .heading-wrap:before{\nborder-color:#0070e8;\n}\nbody .av-special-heading.av-m9k1ymlb-92006676fc505b2ef51be701d2680b0f .av-special-heading-tag .heading-wrap:after{\nborder-color:#0070e8;\n}\n<\/style>\n<div  class='av-special-heading av-m9k1ymlb-92006676fc505b2ef51be701d2680b0f av-special-heading-h2 custom-color-heading blockquote elegant-quote elegant-centered  avia-builder-el-0  el_before_av_one_full  avia-builder-el-first '><h2 class='av-special-heading-tag'  itemprop=\"headline\"  ><span class=\"heading-wrap\">Impressum<\/span><\/h2><div class=\"special-heading-border\"><div class=\"special-heading-inner-border\"><\/div><\/div><\/div>\n<div class='flex_column av-bhc7n-2ba71e6359cec82b7623b94ddf7b7803 av_one_full  avia-builder-el-1  el_after_av_heading  avia-builder-el-last  first flex_column_div '     ><section  class='av_textblock_section av-ma9qjiwb-cbdae666a9a32ffa4246dbc8017c7421'  itemscope=\"itemscope\" itemtype=\"https:\/\/schema.org\/CreativeWork\" ><div class='avia_textblock'  itemprop=\"text\" ><p>Assmann GmbH<br \/>\nEdisonstr. 46<br \/>\n24145 Kiel<\/p>\n<p><strong>Kontakt<\/strong><br \/>\nTelefon: 0431 7 75 73 20<br \/>\nTelefax: 0431 7 75 73 41<br \/>\nE-Mail: kontakt@assmann-kiel.de<\/p>\n<p><strong>Registereintrag<\/strong><br \/>\nRegistergericht: Amtsgericht Kiel<br \/>\nRegisternummer: HRB 6095 KI<\/p>\n<p><strong>Umsatzsteuer<\/strong><br \/>\nUSt-IdNr. gem. \u00a7 27a UStG: DE 225201983<\/p>\n<p><strong>Vertreten durch die Gesch\u00e4ftsf\u00fchrer<\/strong><br \/>\nChristina Thomsen<br \/>\nMartin Av\u00e9<br \/>\nAdrian Sauerwein<\/p>\n<p><strong>Verbraucherschlichtung<\/strong><br \/>\nWir sind weder bereit noch verpflichtet, an Streitbeilegungsverfahren vor Verbraucherschlichtungsstellen teilzunehmen.<\/p>\n<p><strong>Berufsbezeichnung und berufsrechtliche Regelungen<\/strong><br \/>\nBerufsbezeichnung: Orhop\u00e4dietechniker-Meister, Orthop\u00e4dietechnik-Mechaniker, Orthop\u00e4dieschuhmacher<br \/>\nZust\u00e4ndige Kammer: Handwerkskammer Schleswig-Holstein\/Hamburg\/Bremen (Standortabh\u00e4ngig)<br \/>\nVerliehen durch: Deutschland<br \/>\nGeltendes Berufsrecht: Handwerksordnung, einsehbar bei den vorgenannten Handwerkskammern<\/p>\n<p><strong>Bildernachweis:<\/strong><br \/>\nDie Nutzungsrechte des verwendeten Bildmaterial unterliegen der Firma Assmann GmbH und wurden extra f\u00fcr unser Haus erstellt. Einige der verwendeten Motive wurden uns zudem freundlicherweise von unseren Lieferanten zur Verf\u00fcgung gestellt.<\/p>\n<p>\u2022 Seite \u201cStartseite \u2013 Bilderslider\u201d : AndreyPopov \/ istockphoto.com<\/p>\n<p>\u2022 Seite \u201cStartseite \u2013 Bilderslider\u201d : FredFroese \/ istockphoto.com<\/p>\n<p>\u2022 Startseite \u201eMittelgro\u00dfer Mann mit Hund\u201c &#8211; Designed by Freepik (www.freepik.com)<\/p>\n<\/div><\/section><\/div>\n","protected":false},"excerpt":{"rendered":"","protected":false},"author":1,"featured_media":0,"parent":0,"menu_order":0,"comment_status":"closed","ping_status":"closed","template":"","meta":{"footnotes":""},"class_list":["post-755","page","type-page","status-publish","hentry"],"_links":{"self":[{"href":"https:\/\/www.assmann-kiel.de\/index.php\/wp-json\/wp\/v2\/pages\/755","targetHints":{"allow":["GET"]}}],"collection":[{"href":"https:\/\/www.assmann-kiel.de\/index.php\/wp-json\/wp\/v2\/pages"}],"about":[{"href":"https:\/\/www.assmann-kiel.de\/index.php\/wp-json\/wp\/v2\/types\/page"}],"author":[{"embeddable":true,"href":"https:\/\/www.assmann-kiel.de\/index.php\/wp-json\/wp\/v2\/users\/1"}],"replies":[{"embeddable":true,"href":"https:\/\/www.assmann-kiel.de\/index.php\/wp-json\/wp\/v2\/comments?post=755"}],"version-history":[{"count":16,"href":"https:\/\/www.assmann-kiel.de\/index.php\/wp-json\/wp\/v2\/pages\/755\/revisions"}],"predecessor-version":[{"id":887,"href":"https:\/\/www.assmann-kiel.de\/index.php\/wp-json\/wp\/v2\/pages\/755\/revisions\/887"}],"wp:attachment":[{"href":"https:\/\/www.assmann-kiel.de\/index.php\/wp-json\/wp\/v2\/media?parent=755"}],"curies":[{"name":"wp","href":"https:\/\/api.w.org\/{rel}","templated":true}]}}