{"id":397,"date":"2022-11-03T08:26:10","date_gmt":"2022-11-03T07:26:10","guid":{"rendered":"http:\/\/assmann.it-nms.de\/?page_id=397"},"modified":"2025-05-04T16:32:02","modified_gmt":"2025-05-04T14:32:02","slug":"sanitaetshaus","status":"publish","type":"page","link":"https:\/\/www.assmann-kiel.de\/index.php\/sanitaetshaus\/","title":{"rendered":"Sanit\u00e4tsfachgesch\u00e4ft"},"content":{"rendered":"\n<style type=\"text\/css\" data-created_by=\"avia_inline_auto\" id=\"style-css-av-la0qrl1l-c7eaa2100446c2d440b2a446d44e7b1f\">\n#top .av-special-heading.av-la0qrl1l-c7eaa2100446c2d440b2a446d44e7b1f{\npadding-bottom:50px;\n}\nbody .av-special-heading.av-la0qrl1l-c7eaa2100446c2d440b2a446d44e7b1f .av-special-heading-tag .heading-char{\nfont-size:25px;\n}\n.av-special-heading.av-la0qrl1l-c7eaa2100446c2d440b2a446d44e7b1f .special-heading-inner-border{\nborder-color:#0070e8;\n}\n.av-special-heading.av-la0qrl1l-c7eaa2100446c2d440b2a446d44e7b1f .av-subheading{\nfont-size:15px;\n}\nbody .av-special-heading.av-la0qrl1l-c7eaa2100446c2d440b2a446d44e7b1f .av-special-heading-tag .heading-wrap:before{\nborder-color:#0070e8;\n}\nbody .av-special-heading.av-la0qrl1l-c7eaa2100446c2d440b2a446d44e7b1f .av-special-heading-tag .heading-wrap:after{\nborder-color:#0070e8;\n}\n<\/style>\n<div  class='av-special-heading av-la0qrl1l-c7eaa2100446c2d440b2a446d44e7b1f av-special-heading-h2 custom-color-heading blockquote elegant-quote elegant-centered  avia-builder-el-0  el_before_av_one_full  avia-builder-el-first '><h2 class='av-special-heading-tag'  itemprop=\"headline\"  ><span class=\"heading-wrap\">Sanit\u00e4tsfachgesch\u00e4ft<\/span><\/h2><div class=\"special-heading-border\"><div class=\"special-heading-inner-border\"><\/div><\/div><\/div>\n<div class='flex_column av-1k7tk5-f80d659736e0e3d86b1884c2ed0b62fb av_one_full  avia-builder-el-1  el_after_av_heading  el_before_av_one_half  first flex_column_div '     ><section  class='av_textblock_section av-la0qrxrr-ba9a46380b0f4d15e0df76d574933b35'  itemscope=\"itemscope\" itemtype=\"https:\/\/schema.org\/CreativeWork\" ><div class='avia_textblock'  itemprop=\"text\" ><p>In unserem Sanit\u00e4tsfachgesch\u00e4ft f\u00fchren wir frei verk\u00e4ufliche sowie individuell angepasste Produkte f\u00fcr Ihre Gesundheit und Ihr Wohlbefinden. Von ergonomischen Hilfsmitteln bis zu cleveren L\u00f6sungen f\u00fcr den Alltag bieten wir Ihnen individuelle Unterst\u00fctzung.<\/p>\n<\/div><\/section><\/div>\n<div class='flex_column av-119m59-4fb6038f1e2ea1f43d9b06b97c11e7fc av_one_half  avia-builder-el-3  el_after_av_one_full  el_before_av_one_half  first flex_column_div column-top-margin'     ><style type=\"text\/css\" data-created_by=\"avia_inline_auto\" id=\"style-css-av-la0qt4x6-5917152d2905b2c71156653d5d3cd59a\">\n.avia-image-container.av-la0qt4x6-5917152d2905b2c71156653d5d3cd59a img.avia_image{\nbox-shadow:none;\n}\n.avia-image-container.av-la0qt4x6-5917152d2905b2c71156653d5d3cd59a .av-image-caption-overlay-center{\ncolor:#ffffff;\n}\n<\/style>\n<div  class='avia-image-container av-la0qt4x6-5917152d2905b2c71156653d5d3cd59a av-styling- av-hover-grow av-hide-overflow avia-align-center  avia-builder-el-4  avia-builder-el-no-sibling '   itemprop=\"image\" itemscope=\"itemscope\" itemtype=\"https:\/\/schema.org\/ImageObject\" ><div class=\"avia-image-container-inner\"><div class=\"avia-image-overlay-wrap\"><a href=\"https:\/\/www.assmann-kiel.de\/index.php\/sanitaetshaus-gehhilfen\/\" class='avia_image' ><img decoding=\"async\" class='wp-image-528 avia-img-lazy-loading-not-528 avia_image ' src=\"https:\/\/www.assmann-kiel.de\/wp-content\/uploads\/2024\/08\/Gehhilfen-300x169.png\" alt='' title='Gehhilfen'  height=\"169\" width=\"300\"  itemprop=\"thumbnailUrl\" srcset=\"https:\/\/www.assmann-kiel.de\/wp-content\/uploads\/2024\/08\/Gehhilfen-300x169.png 300w, https:\/\/www.assmann-kiel.de\/wp-content\/uploads\/2024\/08\/Gehhilfen-1030x579.png 1030w, https:\/\/www.assmann-kiel.de\/wp-content\/uploads\/2024\/08\/Gehhilfen-768x432.png 768w, https:\/\/www.assmann-kiel.de\/wp-content\/uploads\/2024\/08\/Gehhilfen-705x397.png 705w, https:\/\/www.assmann-kiel.de\/wp-content\/uploads\/2024\/08\/Gehhilfen.png 1280w\" sizes=\"(max-width: 300px) 100vw, 300px\" \/><\/a><\/div><\/div><\/div><\/div>\n<div class='flex_column av-1ddpzp-e8c33db4599ebd9c853340f7101d40c7 av_one_half  avia-builder-el-5  el_after_av_one_half  el_before_av_one_half  flex_column_div column-top-margin'     ><style type=\"text\/css\" data-created_by=\"avia_inline_auto\" id=\"style-css-av-la0qsaug-f28e43aa8e52220248fa06288504789e\">\n.avia-image-container.av-la0qsaug-f28e43aa8e52220248fa06288504789e img.avia_image{\nbox-shadow:none;\n}\n.avia-image-container.av-la0qsaug-f28e43aa8e52220248fa06288504789e .av-image-caption-overlay-center{\ncolor:#ffffff;\n}\n<\/style>\n<div  class='avia-image-container av-la0qsaug-f28e43aa8e52220248fa06288504789e av-styling- av-hover-grow av-hide-overflow avia-align-center  avia-builder-el-6  avia-builder-el-no-sibling '   itemprop=\"image\" itemscope=\"itemscope\" itemtype=\"https:\/\/schema.org\/ImageObject\" ><div class=\"avia-image-container-inner\"><div class=\"avia-image-overlay-wrap\"><a href=\"https:\/\/www.assmann-kiel.de\/index.php\/sanitaetsfachgeschaeft-alltagshilfen\/\" class='avia_image' ><img decoding=\"async\" class='wp-image-525 avia-img-lazy-loading-not-525 avia_image ' src=\"https:\/\/www.assmann-kiel.de\/wp-content\/uploads\/2024\/08\/Alltagshilfen-300x169.png\" alt='' title='Alltagshilfen'  height=\"169\" width=\"300\"  itemprop=\"thumbnailUrl\" srcset=\"https:\/\/www.assmann-kiel.de\/wp-content\/uploads\/2024\/08\/Alltagshilfen-300x169.png 300w, https:\/\/www.assmann-kiel.de\/wp-content\/uploads\/2024\/08\/Alltagshilfen-1030x579.png 1030w, https:\/\/www.assmann-kiel.de\/wp-content\/uploads\/2024\/08\/Alltagshilfen-768x432.png 768w, https:\/\/www.assmann-kiel.de\/wp-content\/uploads\/2024\/08\/Alltagshilfen-705x397.png 705w, https:\/\/www.assmann-kiel.de\/wp-content\/uploads\/2024\/08\/Alltagshilfen.png 1280w\" sizes=\"(max-width: 300px) 100vw, 300px\" \/><\/a><\/div><\/div><\/div><\/div>\n<div class='flex_column av-18yool-e98c298293a0e459c07f35e238b41a56 av_one_half  avia-builder-el-7  el_after_av_one_half  el_before_av_one_half  first flex_column_div column-top-margin'     ><style type=\"text\/css\" data-created_by=\"avia_inline_auto\" id=\"style-css-av-la0qsmcw-a8099855f6350124870bf1689a4c2457\">\n.avia-image-container.av-la0qsmcw-a8099855f6350124870bf1689a4c2457 img.avia_image{\nbox-shadow:none;\n}\n.avia-image-container.av-la0qsmcw-a8099855f6350124870bf1689a4c2457 .av-image-caption-overlay-center{\ncolor:#ffffff;\n}\n<\/style>\n<div  class='avia-image-container av-la0qsmcw-a8099855f6350124870bf1689a4c2457 av-styling- av-hover-grow av-hide-overflow avia-align-center  avia-builder-el-8  avia-builder-el-no-sibling '   itemprop=\"image\" itemscope=\"itemscope\" itemtype=\"https:\/\/schema.org\/ImageObject\" ><div class=\"avia-image-container-inner\"><div class=\"avia-image-overlay-wrap\"><a href=\"https:\/\/www.assmann-kiel.de\/index.php\/sanitaetshaus-bandagen\/\" class='avia_image' ><img decoding=\"async\" class='wp-image-527 avia-img-lazy-loading-not-527 avia_image ' src=\"https:\/\/www.assmann-kiel.de\/wp-content\/uploads\/2024\/08\/Bandagen-Schienen-300x169.png\" alt='' title='Bandagen &amp; Schienen'  height=\"169\" width=\"300\"  itemprop=\"thumbnailUrl\" srcset=\"https:\/\/www.assmann-kiel.de\/wp-content\/uploads\/2024\/08\/Bandagen-Schienen-300x169.png 300w, https:\/\/www.assmann-kiel.de\/wp-content\/uploads\/2024\/08\/Bandagen-Schienen-1030x579.png 1030w, https:\/\/www.assmann-kiel.de\/wp-content\/uploads\/2024\/08\/Bandagen-Schienen-768x432.png 768w, https:\/\/www.assmann-kiel.de\/wp-content\/uploads\/2024\/08\/Bandagen-Schienen-705x397.png 705w, https:\/\/www.assmann-kiel.de\/wp-content\/uploads\/2024\/08\/Bandagen-Schienen.png 1280w\" sizes=\"(max-width: 300px) 100vw, 300px\" \/><\/a><\/div><\/div><\/div><\/div>\n<div class='flex_column av-bsv25-409ac5955644dfcc76328ca4874b566f av_one_half  avia-builder-el-9  el_after_av_one_half  el_before_av_one_full  flex_column_div column-top-margin'     ><style type=\"text\/css\" data-created_by=\"avia_inline_auto\" id=\"style-css-av-ma9qxy45-0908e4123a75f72986effda79caab3f5\">\n.avia-image-container.av-ma9qxy45-0908e4123a75f72986effda79caab3f5 img.avia_image{\nbox-shadow:none;\n}\n.avia-image-container.av-ma9qxy45-0908e4123a75f72986effda79caab3f5 .av-image-caption-overlay-center{\ncolor:#ffffff;\n}\n<\/style>\n<div  class='avia-image-container av-ma9qxy45-0908e4123a75f72986effda79caab3f5 av-styling- av-hover-grow av-hide-overflow avia-align-center  avia-builder-el-10  avia-builder-el-no-sibling '   itemprop=\"image\" itemscope=\"itemscope\" itemtype=\"https:\/\/schema.org\/ImageObject\" ><div class=\"avia-image-container-inner\"><div class=\"avia-image-overlay-wrap\"><a href=\"https:\/\/www.assmann-kiel.de\/index.php\/sanitaetsfachgeschaeft-kompressionsversorgung\/\" class='avia_image' ><img decoding=\"async\" class='wp-image-772 avia-img-lazy-loading-not-772 avia_image ' src=\"https:\/\/www.assmann-kiel.de\/wp-content\/uploads\/2025\/05\/HP-Saha-300x169.png\" alt='' title='HP - Saha'  height=\"169\" width=\"300\"  itemprop=\"thumbnailUrl\" srcset=\"https:\/\/www.assmann-kiel.de\/wp-content\/uploads\/2025\/05\/HP-Saha-300x169.png 300w, https:\/\/www.assmann-kiel.de\/wp-content\/uploads\/2025\/05\/HP-Saha-1030x579.png 1030w, https:\/\/www.assmann-kiel.de\/wp-content\/uploads\/2025\/05\/HP-Saha-768x432.png 768w, https:\/\/www.assmann-kiel.de\/wp-content\/uploads\/2025\/05\/HP-Saha-705x397.png 705w, https:\/\/www.assmann-kiel.de\/wp-content\/uploads\/2025\/05\/HP-Saha.png 1280w\" sizes=\"(max-width: 300px) 100vw, 300px\" \/><\/a><\/div><\/div><\/div><\/div><div class='flex_column av-ct5dx-8a73f4524051c6a113d56f7f6541ce00 av_one_full  avia-builder-el-11  el_after_av_one_half  avia-builder-el-last  first flex_column_div column-top-margin'     ><style type=\"text\/css\" data-created_by=\"avia_inline_auto\" id=\"style-css-av-8bvtx-d0159cea15d43682ea6a4e24a6687c3d\">\n#top .hr.hr-invisible.av-8bvtx-d0159cea15d43682ea6a4e24a6687c3d{\nheight:200px;\n}\n<\/style>\n<div  class='hr av-8bvtx-d0159cea15d43682ea6a4e24a6687c3d hr-invisible  avia-builder-el-12  avia-builder-el-no-sibling '><span class='hr-inner '><span class=\"hr-inner-style\"><\/span><\/span><\/div><\/div><\/p>\n","protected":false},"excerpt":{"rendered":"","protected":false},"author":1,"featured_media":0,"parent":0,"menu_order":0,"comment_status":"closed","ping_status":"closed","template":"","meta":{"footnotes":""},"class_list":["post-397","page","type-page","status-publish","hentry"],"_links":{"self":[{"href":"https:\/\/www.assmann-kiel.de\/index.php\/wp-json\/wp\/v2\/pages\/397","targetHints":{"allow":["GET"]}}],"collection":[{"href":"https:\/\/www.assmann-kiel.de\/index.php\/wp-json\/wp\/v2\/pages"}],"about":[{"href":"https:\/\/www.assmann-kiel.de\/index.php\/wp-json\/wp\/v2\/types\/page"}],"author":[{"embeddable":true,"href":"https:\/\/www.assmann-kiel.de\/index.php\/wp-json\/wp\/v2\/users\/1"}],"replies":[{"embeddable":true,"href":"https:\/\/www.assmann-kiel.de\/index.php\/wp-json\/wp\/v2\/comments?post=397"}],"version-history":[{"count":7,"href":"https:\/\/www.assmann-kiel.de\/index.php\/wp-json\/wp\/v2\/pages\/397\/revisions"}],"predecessor-version":[{"id":779,"href":"https:\/\/www.assmann-kiel.de\/index.php\/wp-json\/wp\/v2\/pages\/397\/revisions\/779"}],"wp:attachment":[{"href":"https:\/\/www.assmann-kiel.de\/index.php\/wp-json\/wp\/v2\/media?parent=397"}],"curies":[{"name":"wp","href":"https:\/\/api.w.org\/{rel}","templated":true}]}}