{"id":395,"date":"2022-11-03T08:20:17","date_gmt":"2022-11-03T07:20:17","guid":{"rendered":"http:\/\/assmann.it-nms.de\/?page_id=395"},"modified":"2024-10-17T11:16:52","modified_gmt":"2024-10-17T09:16:52","slug":"orthopaedie","status":"publish","type":"page","link":"https:\/\/www.assmann-kiel.de\/index.php\/orthopaedie\/","title":{"rendered":"Orthetik &#038; Prothetik"},"content":{"rendered":"\n<style type=\"text\/css\" data-created_by=\"avia_inline_auto\" id=\"style-css-av-la0qlak6-afebe0d861476c67862f50930b9d5848\">\n#top .av-special-heading.av-la0qlak6-afebe0d861476c67862f50930b9d5848{\npadding-bottom:50px;\n}\nbody .av-special-heading.av-la0qlak6-afebe0d861476c67862f50930b9d5848 .av-special-heading-tag .heading-char{\nfont-size:25px;\n}\n.av-special-heading.av-la0qlak6-afebe0d861476c67862f50930b9d5848 .special-heading-inner-border{\nborder-color:#0070e8;\n}\n.av-special-heading.av-la0qlak6-afebe0d861476c67862f50930b9d5848 .av-subheading{\nfont-size:15px;\n}\nbody .av-special-heading.av-la0qlak6-afebe0d861476c67862f50930b9d5848 .av-special-heading-tag .heading-wrap:before{\nborder-color:#0070e8;\n}\nbody .av-special-heading.av-la0qlak6-afebe0d861476c67862f50930b9d5848 .av-special-heading-tag .heading-wrap:after{\nborder-color:#0070e8;\n}\n<\/style>\n<div  class='av-special-heading av-la0qlak6-afebe0d861476c67862f50930b9d5848 av-special-heading-h2 custom-color-heading blockquote elegant-quote elegant-centered  avia-builder-el-0  el_before_av_one_full  avia-builder-el-first '><h2 class='av-special-heading-tag'  itemprop=\"headline\"  ><span class=\"heading-wrap\">Orthetik <span class='special_amp'>&amp;<\/span> Prothetik<\/span><\/h2><div class=\"special-heading-border\"><div class=\"special-heading-inner-border\"><\/div><\/div><\/div>\n<div class='flex_column av-10v2zv-fdb10067a895407b251052d46318d0fe av_one_full  avia-builder-el-1  el_after_av_heading  el_before_av_one_third  first flex_column_div '     ><section  class='av_textblock_section av-la0qn04e-6f74d81b22e81fa3f36f41d576d08dd0'  itemscope=\"itemscope\" itemtype=\"https:\/\/schema.org\/CreativeWork\" ><div class='avia_textblock'  itemprop=\"text\" ><p>Unser erfahrenes Team von Fachleuten setzt auf moderne Technologien, um individuelle Anpassungen und h\u00f6chsten Tragekomfort zu gew\u00e4hrleisten. Entdecken Sie ein umfassendes Spektrum an L\u00f6sungen f\u00fcr Orthetik, Prothetik und Einlagen \u2013 ma\u00dfgeschneidert f\u00fcr Ihre individuellen Bed\u00fcrfnisse.<\/p>\n<\/div><\/section><\/div>\n<div class='flex_column av-y4uqb-3c347e3c769025b346c4b0b8756a9322 av_one_third  avia-builder-el-3  el_after_av_one_full  el_before_av_one_third  first flex_column_div column-top-margin'     ><style type=\"text\/css\" data-created_by=\"avia_inline_auto\" id=\"style-css-av-la0qlslp-f8a3d06a37ab3618e92ccec07c744527\">\n.avia-image-container.av-la0qlslp-f8a3d06a37ab3618e92ccec07c744527 img.avia_image{\nbox-shadow:none;\n}\n.avia-image-container.av-la0qlslp-f8a3d06a37ab3618e92ccec07c744527 .av-image-caption-overlay-center{\ncolor:#ffffff;\n}\n<\/style>\n<div  class='avia-image-container av-la0qlslp-f8a3d06a37ab3618e92ccec07c744527 av-styling- av-hover-grow av-hide-overflow avia-align-center  avia-builder-el-4  avia-builder-el-no-sibling '   itemprop=\"image\" itemscope=\"itemscope\" itemtype=\"https:\/\/schema.org\/ImageObject\" ><div class=\"avia-image-container-inner\"><div class=\"avia-image-overlay-wrap\"><a href=\"https:\/\/www.assmann-kiel.de\/index.php\/orthetik-prothetik-einlagen-schuhe\/\" class='avia_image' ><img decoding=\"async\" class='wp-image-508 avia-img-lazy-loading-not-508 avia_image ' src=\"https:\/\/www.assmann-kiel.de\/wp-content\/uploads\/2024\/08\/Einlage-Schuhe-300x169.png\" alt='' title='Einlage &amp; Schuhe'  height=\"169\" width=\"300\"  itemprop=\"thumbnailUrl\" srcset=\"https:\/\/www.assmann-kiel.de\/wp-content\/uploads\/2024\/08\/Einlage-Schuhe-300x169.png 300w, https:\/\/www.assmann-kiel.de\/wp-content\/uploads\/2024\/08\/Einlage-Schuhe-1030x579.png 1030w, https:\/\/www.assmann-kiel.de\/wp-content\/uploads\/2024\/08\/Einlage-Schuhe-768x432.png 768w, https:\/\/www.assmann-kiel.de\/wp-content\/uploads\/2024\/08\/Einlage-Schuhe-705x397.png 705w, https:\/\/www.assmann-kiel.de\/wp-content\/uploads\/2024\/08\/Einlage-Schuhe.png 1280w\" sizes=\"(max-width: 300px) 100vw, 300px\" \/><\/a><\/div><\/div><\/div><\/div><div class='flex_column av-smkm3-029fb6340b05225d5e7ee16bb38ec180 av_one_third  avia-builder-el-5  el_after_av_one_third  el_before_av_one_third  flex_column_div column-top-margin'     ><style type=\"text\/css\" data-created_by=\"avia_inline_auto\" id=\"style-css-av-la0qm6ch-af6cf956447f1a977945a56195d7e08b\">\n.avia-image-container.av-la0qm6ch-af6cf956447f1a977945a56195d7e08b img.avia_image{\nbox-shadow:none;\n}\n.avia-image-container.av-la0qm6ch-af6cf956447f1a977945a56195d7e08b .av-image-caption-overlay-center{\ncolor:#ffffff;\n}\n<\/style>\n<div  class='avia-image-container av-la0qm6ch-af6cf956447f1a977945a56195d7e08b av-styling- av-hover-grow av-hide-overflow avia-align-center  avia-builder-el-6  avia-builder-el-no-sibling '   itemprop=\"image\" itemscope=\"itemscope\" itemtype=\"https:\/\/schema.org\/ImageObject\" ><div class=\"avia-image-container-inner\"><div class=\"avia-image-overlay-wrap\"><a href=\"https:\/\/www.assmann-kiel.de\/index.php\/orthetikprothetik-orthetik\/\" class='avia_image' ><img decoding=\"async\" class='wp-image-510 avia-img-lazy-loading-not-510 avia_image ' src=\"https:\/\/www.assmann-kiel.de\/wp-content\/uploads\/2024\/08\/Orthetik-300x169.png\" alt='' title='Orthetik'  height=\"169\" width=\"300\"  itemprop=\"thumbnailUrl\" srcset=\"https:\/\/www.assmann-kiel.de\/wp-content\/uploads\/2024\/08\/Orthetik-300x169.png 300w, https:\/\/www.assmann-kiel.de\/wp-content\/uploads\/2024\/08\/Orthetik-1030x579.png 1030w, https:\/\/www.assmann-kiel.de\/wp-content\/uploads\/2024\/08\/Orthetik-768x432.png 768w, https:\/\/www.assmann-kiel.de\/wp-content\/uploads\/2024\/08\/Orthetik-705x397.png 705w, https:\/\/www.assmann-kiel.de\/wp-content\/uploads\/2024\/08\/Orthetik.png 1280w\" sizes=\"(max-width: 300px) 100vw, 300px\" \/><\/a><\/div><\/div><\/div><\/div><\/p>\n<div class='flex_column av-j3bcz-3d4a92548c8138c008aed8a8509ca002 av_one_third  avia-builder-el-7  el_after_av_one_third  el_before_av_one_full  flex_column_div column-top-margin'     ><style type=\"text\/css\" data-created_by=\"avia_inline_auto\" id=\"style-css-av-la0qmlpc-5397ade4c115257797620c9be0e2218a\">\n.avia-image-container.av-la0qmlpc-5397ade4c115257797620c9be0e2218a img.avia_image{\nbox-shadow:none;\n}\n.avia-image-container.av-la0qmlpc-5397ade4c115257797620c9be0e2218a .av-image-caption-overlay-center{\ncolor:#ffffff;\n}\n<\/style>\n<div  class='avia-image-container av-la0qmlpc-5397ade4c115257797620c9be0e2218a av-styling- av-hover-grow av-hide-overflow avia-align-center  avia-builder-el-8  avia-builder-el-no-sibling '   itemprop=\"image\" itemscope=\"itemscope\" itemtype=\"https:\/\/schema.org\/ImageObject\" ><div class=\"avia-image-container-inner\"><div class=\"avia-image-overlay-wrap\"><a href=\"https:\/\/www.assmann-kiel.de\/index.php\/orthetik-prothetik-prothetik\/\" class='avia_image' ><img decoding=\"async\" class='wp-image-511 avia-img-lazy-loading-not-511 avia_image ' src=\"https:\/\/www.assmann-kiel.de\/wp-content\/uploads\/2024\/08\/Prothetik-300x169.png\" alt='' title='Prothetik'  height=\"169\" width=\"300\"  itemprop=\"thumbnailUrl\" srcset=\"https:\/\/www.assmann-kiel.de\/wp-content\/uploads\/2024\/08\/Prothetik-300x169.png 300w, https:\/\/www.assmann-kiel.de\/wp-content\/uploads\/2024\/08\/Prothetik-1030x579.png 1030w, https:\/\/www.assmann-kiel.de\/wp-content\/uploads\/2024\/08\/Prothetik-768x432.png 768w, https:\/\/www.assmann-kiel.de\/wp-content\/uploads\/2024\/08\/Prothetik-705x397.png 705w, https:\/\/www.assmann-kiel.de\/wp-content\/uploads\/2024\/08\/Prothetik.png 1280w\" sizes=\"(max-width: 300px) 100vw, 300px\" \/><\/a><\/div><\/div><\/div><\/div><div class='flex_column av-fi77n-0a802f1e5ff690ff597bad5006d79aec av_one_full  avia-builder-el-9  el_after_av_one_third  avia-builder-el-last  first flex_column_div column-top-margin'     ><style type=\"text\/css\" data-created_by=\"avia_inline_auto\" id=\"style-css-av-9jv5v-8426ba1325caa5a8819e699e7ee54220\">\n#top .hr.hr-invisible.av-9jv5v-8426ba1325caa5a8819e699e7ee54220{\nheight:200px;\n}\n<\/style>\n<div  class='hr av-9jv5v-8426ba1325caa5a8819e699e7ee54220 hr-invisible  avia-builder-el-10  avia-builder-el-no-sibling '><span class='hr-inner '><span class=\"hr-inner-style\"><\/span><\/span><\/div><\/div><\/p>\n","protected":false},"excerpt":{"rendered":"","protected":false},"author":1,"featured_media":0,"parent":0,"menu_order":0,"comment_status":"closed","ping_status":"closed","template":"","meta":{"footnotes":""},"class_list":["post-395","page","type-page","status-publish","hentry"],"_links":{"self":[{"href":"https:\/\/www.assmann-kiel.de\/index.php\/wp-json\/wp\/v2\/pages\/395","targetHints":{"allow":["GET"]}}],"collection":[{"href":"https:\/\/www.assmann-kiel.de\/index.php\/wp-json\/wp\/v2\/pages"}],"about":[{"href":"https:\/\/www.assmann-kiel.de\/index.php\/wp-json\/wp\/v2\/types\/page"}],"author":[{"embeddable":true,"href":"https:\/\/www.assmann-kiel.de\/index.php\/wp-json\/wp\/v2\/users\/1"}],"replies":[{"embeddable":true,"href":"https:\/\/www.assmann-kiel.de\/index.php\/wp-json\/wp\/v2\/comments?post=395"}],"version-history":[{"count":5,"href":"https:\/\/www.assmann-kiel.de\/index.php\/wp-json\/wp\/v2\/pages\/395\/revisions"}],"predecessor-version":[{"id":645,"href":"https:\/\/www.assmann-kiel.de\/index.php\/wp-json\/wp\/v2\/pages\/395\/revisions\/645"}],"wp:attachment":[{"href":"https:\/\/www.assmann-kiel.de\/index.php\/wp-json\/wp\/v2\/media?parent=395"}],"curies":[{"name":"wp","href":"https:\/\/api.w.org\/{rel}","templated":true}]}}