{"id":259,"date":"2022-09-14T19:56:21","date_gmt":"2022-09-14T17:56:21","guid":{"rendered":"http:\/\/assmann.it-nms.de\/?page_id=259"},"modified":"2025-06-26T08:10:52","modified_gmt":"2025-06-26T06:10:52","slug":"rehatechnik","status":"publish","type":"page","link":"https:\/\/www.assmann-kiel.de\/index.php\/rehatechnik\/","title":{"rendered":"Rehatechnik"},"content":{"rendered":"\n<style type=\"text\/css\" data-created_by=\"avia_inline_auto\" id=\"style-css-av-la0puur7-e48e2ac06904b71842038c748b654857\">\n#top .av-special-heading.av-la0puur7-e48e2ac06904b71842038c748b654857{\npadding-bottom:50px;\n}\nbody .av-special-heading.av-la0puur7-e48e2ac06904b71842038c748b654857 .av-special-heading-tag .heading-char{\nfont-size:25px;\n}\n.av-special-heading.av-la0puur7-e48e2ac06904b71842038c748b654857 .special-heading-inner-border{\nborder-color:#0070e8;\n}\n.av-special-heading.av-la0puur7-e48e2ac06904b71842038c748b654857 .av-subheading{\nfont-size:15px;\n}\nbody .av-special-heading.av-la0puur7-e48e2ac06904b71842038c748b654857 .av-special-heading-tag .heading-wrap:before{\nborder-color:#0070e8;\n}\nbody .av-special-heading.av-la0puur7-e48e2ac06904b71842038c748b654857 .av-special-heading-tag .heading-wrap:after{\nborder-color:#0070e8;\n}\n<\/style>\n<div  class='av-special-heading av-la0puur7-e48e2ac06904b71842038c748b654857 av-special-heading-h2 custom-color-heading blockquote elegant-quote elegant-centered  avia-builder-el-0  el_before_av_one_full  avia-builder-el-first '><h2 class='av-special-heading-tag'  itemprop=\"headline\"  ><span class=\"heading-wrap\">Rehatechnik<\/span><\/h2><div class=\"special-heading-border\"><div class=\"special-heading-inner-border\"><\/div><\/div><\/div>\n<div class='flex_column av-20sl8z-9c8e9d958bf44a56af8ed4d8d13632b4 av_one_full  avia-builder-el-1  el_after_av_heading  el_before_av_one_third  first flex_column_div '     ><section  class='av_textblock_section av-la0pvvni-cfbbdb3d5246284b9400d90f346168f3'  itemscope=\"itemscope\" itemtype=\"https:\/\/schema.org\/CreativeWork\" ><div class='avia_textblock'  itemprop=\"text\" ><p>Erleben Sie neue M\u00f6glichkeiten der Selbstbestimmung und Mobilit\u00e4t mit unserem umfangreichen Angebot im Bereich Rehatechnik. Von ma\u00dfgeschneiderten Rollst\u00fchlen \u00fcber moderne Gehhilfen bis hin zu innovativen Elektroscootern bieten wir individuelle L\u00f6sungen f\u00fcr ein aktives und komfortables Leben. Unsere engagierten Fachleute stehen Ihnen bei jedem Schritt zur Seite, um Ihre individuellen Bed\u00fcrfnisse zu verstehen und Ihnen personalisierte L\u00f6sungen zu bieten &#8211; egal ob vor Ort oder bei Ihnen Zuhause.<\/p>\n<\/div><\/section><\/div>\n<div class='flex_column av-1vr3ar-05f6558e6cdaa99012baee8235fe7da2 av_one_third  avia-builder-el-3  el_after_av_one_full  el_before_av_one_third  first flex_column_div column-top-margin'     ><style type=\"text\/css\" data-created_by=\"avia_inline_auto\" id=\"style-css-av-la0q208x-f95f15b6430d91b6520ee3e8659d52d4\">\n.avia-image-container.av-la0q208x-f95f15b6430d91b6520ee3e8659d52d4 img.avia_image{\nbox-shadow:none;\n}\n.avia-image-container.av-la0q208x-f95f15b6430d91b6520ee3e8659d52d4 .av-image-caption-overlay-center{\ncolor:#ffffff;\n}\n<\/style>\n<div  class='avia-image-container av-la0q208x-f95f15b6430d91b6520ee3e8659d52d4 av-styling- av-hover-grow av-hide-overflow avia-align-center  avia-builder-el-4  avia-builder-el-no-sibling '   itemprop=\"image\" itemscope=\"itemscope\" itemtype=\"https:\/\/schema.org\/ImageObject\" ><div class=\"avia-image-container-inner\"><div class=\"avia-image-overlay-wrap\"><a href=\"https:\/\/www.assmann-kiel.de\/index.php\/rehatechnik-bad-toilettenhilfen\/\" class='avia_image' ><img decoding=\"async\" class='wp-image-514 avia-img-lazy-loading-not-514 avia_image ' src=\"https:\/\/www.assmann-kiel.de\/wp-content\/uploads\/2024\/08\/Bad-Toilettenhilfen-300x169.png\" alt='' title='Bad Toilettenhilfen'  height=\"169\" width=\"300\"  itemprop=\"thumbnailUrl\" srcset=\"https:\/\/www.assmann-kiel.de\/wp-content\/uploads\/2024\/08\/Bad-Toilettenhilfen-300x169.png 300w, https:\/\/www.assmann-kiel.de\/wp-content\/uploads\/2024\/08\/Bad-Toilettenhilfen-1030x579.png 1030w, https:\/\/www.assmann-kiel.de\/wp-content\/uploads\/2024\/08\/Bad-Toilettenhilfen-768x432.png 768w, https:\/\/www.assmann-kiel.de\/wp-content\/uploads\/2024\/08\/Bad-Toilettenhilfen-705x397.png 705w, https:\/\/www.assmann-kiel.de\/wp-content\/uploads\/2024\/08\/Bad-Toilettenhilfen.png 1280w\" sizes=\"(max-width: 300px) 100vw, 300px\" \/><\/a><\/div><\/div><\/div><\/div>\n<div class='flex_column av-6ct2z-237c3c5fca7ba1c480d670b9e66f4e9c av_one_third  avia-builder-el-5  el_after_av_one_third  el_before_av_one_third  flex_column_div column-top-margin'     ><style type=\"text\/css\" data-created_by=\"avia_inline_auto\" id=\"style-css-av-la0q2dva-84ccd02bba898f44d4b093c5591eec5b\">\n.avia-image-container.av-la0q2dva-84ccd02bba898f44d4b093c5591eec5b img.avia_image{\nbox-shadow:none;\n}\n.avia-image-container.av-la0q2dva-84ccd02bba898f44d4b093c5591eec5b .av-image-caption-overlay-center{\ncolor:#ffffff;\n}\n<\/style>\n<div  class='avia-image-container av-la0q2dva-84ccd02bba898f44d4b093c5591eec5b av-styling- av-hover-grow av-hide-overflow avia-align-center  avia-builder-el-6  avia-builder-el-no-sibling '   itemprop=\"image\" itemscope=\"itemscope\" itemtype=\"https:\/\/schema.org\/ImageObject\" ><div class=\"avia-image-container-inner\"><div class=\"avia-image-overlay-wrap\"><a href=\"https:\/\/www.assmann-kiel.de\/index.php\/rehatechnik-kommunikationshilfen\/\" class='avia_image' ><img decoding=\"async\" class='wp-image-519 avia-img-lazy-loading-not-519 avia_image ' src=\"https:\/\/www.assmann-kiel.de\/wp-content\/uploads\/2024\/08\/Kommunikationshilfen-300x169.png\" alt='' title='Kommunikationshilfen'  height=\"169\" width=\"300\"  itemprop=\"thumbnailUrl\" srcset=\"https:\/\/www.assmann-kiel.de\/wp-content\/uploads\/2024\/08\/Kommunikationshilfen-300x169.png 300w, https:\/\/www.assmann-kiel.de\/wp-content\/uploads\/2024\/08\/Kommunikationshilfen-1030x579.png 1030w, https:\/\/www.assmann-kiel.de\/wp-content\/uploads\/2024\/08\/Kommunikationshilfen-768x432.png 768w, https:\/\/www.assmann-kiel.de\/wp-content\/uploads\/2024\/08\/Kommunikationshilfen-705x397.png 705w, https:\/\/www.assmann-kiel.de\/wp-content\/uploads\/2024\/08\/Kommunikationshilfen.png 1280w\" sizes=\"(max-width: 300px) 100vw, 300px\" \/><\/a><\/div><\/div><\/div><\/div>\n<div class='flex_column av-1lqjcz-848e3debafd1fbedf92e6ebd873cf811 av_one_third  avia-builder-el-7  el_after_av_one_third  el_before_av_one_third  flex_column_div column-top-margin'     ><style type=\"text\/css\" data-created_by=\"avia_inline_auto\" id=\"style-css-av-la0q3d12-764ac848e0cde6a048e994c3a67fa35a\">\n.avia-image-container.av-la0q3d12-764ac848e0cde6a048e994c3a67fa35a img.avia_image{\nbox-shadow:none;\n}\n.avia-image-container.av-la0q3d12-764ac848e0cde6a048e994c3a67fa35a .av-image-caption-overlay-center{\ncolor:#ffffff;\n}\n<\/style>\n<div  class='avia-image-container av-la0q3d12-764ac848e0cde6a048e994c3a67fa35a av-styling- av-hover-grow av-hide-overflow avia-align-center  avia-builder-el-8  avia-builder-el-no-sibling '   itemprop=\"image\" itemscope=\"itemscope\" itemtype=\"https:\/\/schema.org\/ImageObject\" ><div class=\"avia-image-container-inner\"><div class=\"avia-image-overlay-wrap\"><a href=\"https:\/\/www.assmann-kiel.de\/index.php\/rehatechnik-rollstuehle-krankenfahrzeuge\/\" class='avia_image' ><img decoding=\"async\" class='wp-image-811 avia-img-lazy-loading-not-811 avia_image ' src=\"https:\/\/www.assmann-kiel.de\/wp-content\/uploads\/2025\/06\/Rollstuehle-Elektromobilitaet-300x169.png\" alt='' title='Rollst\u00fchle &amp; Elektromobilit\u00e4t'  height=\"169\" width=\"300\"  itemprop=\"thumbnailUrl\" srcset=\"https:\/\/www.assmann-kiel.de\/wp-content\/uploads\/2025\/06\/Rollstuehle-Elektromobilitaet-300x169.png 300w, https:\/\/www.assmann-kiel.de\/wp-content\/uploads\/2025\/06\/Rollstuehle-Elektromobilitaet-1030x579.png 1030w, https:\/\/www.assmann-kiel.de\/wp-content\/uploads\/2025\/06\/Rollstuehle-Elektromobilitaet-768x432.png 768w, https:\/\/www.assmann-kiel.de\/wp-content\/uploads\/2025\/06\/Rollstuehle-Elektromobilitaet-705x397.png 705w, https:\/\/www.assmann-kiel.de\/wp-content\/uploads\/2025\/06\/Rollstuehle-Elektromobilitaet.png 1280w\" sizes=\"(max-width: 300px) 100vw, 300px\" \/><\/a><\/div><\/div><\/div><\/div><div class='flex_column av-4y8v7-a0a42dc188d0c7eef05384f8f59bd098 av_one_third  avia-builder-el-9  el_after_av_one_third  el_before_av_one_third  first flex_column_div column-top-margin'     ><style type=\"text\/css\" data-created_by=\"avia_inline_auto\" id=\"style-css-av-la0q3t7d-c04a4cd0027fe8900c3640079fefadb4\">\n.avia-image-container.av-la0q3t7d-c04a4cd0027fe8900c3640079fefadb4 img.avia_image{\nbox-shadow:none;\n}\n.avia-image-container.av-la0q3t7d-c04a4cd0027fe8900c3640079fefadb4 .av-image-caption-overlay-center{\ncolor:#ffffff;\n}\n<\/style>\n<div  class='avia-image-container av-la0q3t7d-c04a4cd0027fe8900c3640079fefadb4 av-styling- av-hover-grow av-hide-overflow avia-align-center  avia-builder-el-10  avia-builder-el-no-sibling '   itemprop=\"image\" itemscope=\"itemscope\" itemtype=\"https:\/\/schema.org\/ImageObject\" ><div class=\"avia-image-container-inner\"><div class=\"avia-image-overlay-wrap\"><a href=\"https:\/\/www.assmann-kiel.de\/index.php\/rehatechnik-hilfsmittel-gegen-dekubitus\/\" class='avia_image' ><img decoding=\"async\" class='wp-image-518 avia-img-lazy-loading-not-518 avia_image ' src=\"https:\/\/www.assmann-kiel.de\/wp-content\/uploads\/2024\/08\/Dekbutis-300x169.png\" alt='' title='Dekbutis'  height=\"169\" width=\"300\"  itemprop=\"thumbnailUrl\" srcset=\"https:\/\/www.assmann-kiel.de\/wp-content\/uploads\/2024\/08\/Dekbutis-300x169.png 300w, https:\/\/www.assmann-kiel.de\/wp-content\/uploads\/2024\/08\/Dekbutis-1030x579.png 1030w, https:\/\/www.assmann-kiel.de\/wp-content\/uploads\/2024\/08\/Dekbutis-768x432.png 768w, https:\/\/www.assmann-kiel.de\/wp-content\/uploads\/2024\/08\/Dekbutis-705x397.png 705w, https:\/\/www.assmann-kiel.de\/wp-content\/uploads\/2024\/08\/Dekbutis.png 1280w\" sizes=\"(max-width: 300px) 100vw, 300px\" \/><\/a><\/div><\/div><\/div><\/div><\/p>\n<div class='flex_column av-1a6a0r-2b10de6d320bafa5f1cbd4bb9714687d av_one_third  avia-builder-el-11  el_after_av_one_third  el_before_av_one_third  flex_column_div column-top-margin'     ><style type=\"text\/css\" data-created_by=\"avia_inline_auto\" id=\"style-css-av-la0q46iu-c303a3767b701fc8c7395d08777cf5b4\">\n.avia-image-container.av-la0q46iu-c303a3767b701fc8c7395d08777cf5b4 img.avia_image{\nbox-shadow:none;\n}\n.avia-image-container.av-la0q46iu-c303a3767b701fc8c7395d08777cf5b4 .av-image-caption-overlay-center{\ncolor:#ffffff;\n}\n<\/style>\n<div  class='avia-image-container av-la0q46iu-c303a3767b701fc8c7395d08777cf5b4 av-styling- av-hover-grow av-hide-overflow avia-align-center  avia-builder-el-12  avia-builder-el-no-sibling '   itemprop=\"image\" itemscope=\"itemscope\" itemtype=\"https:\/\/schema.org\/ImageObject\" ><div class=\"avia-image-container-inner\"><div class=\"avia-image-overlay-wrap\"><a href=\"https:\/\/www.assmann-kiel.de\/index.php\/rehatechnik-betten-und-einlegerahmen\/\" class='avia_image' ><img decoding=\"async\" class='wp-image-516 avia-img-lazy-loading-not-516 avia_image ' src=\"https:\/\/www.assmann-kiel.de\/wp-content\/uploads\/2024\/08\/Betten-Einlegerahmen-300x169.png\" alt='' title='Betten Einlegerahmen'  height=\"169\" width=\"300\"  itemprop=\"thumbnailUrl\" srcset=\"https:\/\/www.assmann-kiel.de\/wp-content\/uploads\/2024\/08\/Betten-Einlegerahmen-300x169.png 300w, https:\/\/www.assmann-kiel.de\/wp-content\/uploads\/2024\/08\/Betten-Einlegerahmen-1030x579.png 1030w, https:\/\/www.assmann-kiel.de\/wp-content\/uploads\/2024\/08\/Betten-Einlegerahmen-768x432.png 768w, https:\/\/www.assmann-kiel.de\/wp-content\/uploads\/2024\/08\/Betten-Einlegerahmen-705x397.png 705w, https:\/\/www.assmann-kiel.de\/wp-content\/uploads\/2024\/08\/Betten-Einlegerahmen.png 1280w\" sizes=\"(max-width: 300px) 100vw, 300px\" \/><\/a><\/div><\/div><\/div><\/div>\n<div class='flex_column av-13alcr-e145608253212313aac3f79cf0d75139 av_one_third  avia-builder-el-13  el_after_av_one_third  el_before_av_one_third  flex_column_div column-top-margin'     ><style type=\"text\/css\" data-created_by=\"avia_inline_auto\" id=\"style-css-av-la0q4iwe-84372f4c7580c29c99603502721dc5cc\">\n.avia-image-container.av-la0q4iwe-84372f4c7580c29c99603502721dc5cc img.avia_image{\nbox-shadow:none;\n}\n.avia-image-container.av-la0q4iwe-84372f4c7580c29c99603502721dc5cc .av-image-caption-overlay-center{\ncolor:#ffffff;\n}\n<\/style>\n<div  class='avia-image-container av-la0q4iwe-84372f4c7580c29c99603502721dc5cc av-styling- av-hover-grow av-hide-overflow avia-align-center  avia-builder-el-14  avia-builder-el-no-sibling '   itemprop=\"image\" itemscope=\"itemscope\" itemtype=\"https:\/\/schema.org\/ImageObject\" ><div class=\"avia-image-container-inner\"><div class=\"avia-image-overlay-wrap\"><a href=\"https:\/\/www.assmann-kiel.de\/index.php\/rehatechnik-bewegungsgeraete\/\" class='avia_image' ><img decoding=\"async\" class='wp-image-517 avia-img-lazy-loading-not-517 avia_image ' src=\"https:\/\/www.assmann-kiel.de\/wp-content\/uploads\/2024\/08\/Bewegungsgeraete-300x169.png\" alt='' title='Bewegungsger\u00e4te'  height=\"169\" width=\"300\"  itemprop=\"thumbnailUrl\" srcset=\"https:\/\/www.assmann-kiel.de\/wp-content\/uploads\/2024\/08\/Bewegungsgeraete-300x169.png 300w, https:\/\/www.assmann-kiel.de\/wp-content\/uploads\/2024\/08\/Bewegungsgeraete-1030x579.png 1030w, https:\/\/www.assmann-kiel.de\/wp-content\/uploads\/2024\/08\/Bewegungsgeraete-768x432.png 768w, https:\/\/www.assmann-kiel.de\/wp-content\/uploads\/2024\/08\/Bewegungsgeraete-705x397.png 705w, https:\/\/www.assmann-kiel.de\/wp-content\/uploads\/2024\/08\/Bewegungsgeraete.png 1280w\" sizes=\"(max-width: 300px) 100vw, 300px\" \/><\/a><\/div><\/div><\/div><\/div>\n<div class='flex_column av-vzh4r-16fc4885c5c2eac5fdd7eba654d106ee av_one_third  avia-builder-el-15  el_after_av_one_third  el_before_av_one_third  first flex_column_div column-top-margin'     ><style type=\"text\/css\" data-created_by=\"avia_inline_auto\" id=\"style-css-av-la0q577s-e6288f93cd5453d54b1119dde6c8963a\">\n.avia-image-container.av-la0q577s-e6288f93cd5453d54b1119dde6c8963a img.avia_image{\nbox-shadow:none;\n}\n.avia-image-container.av-la0q577s-e6288f93cd5453d54b1119dde6c8963a .av-image-caption-overlay-center{\ncolor:#ffffff;\n}\n<\/style>\n<div  class='avia-image-container av-la0q577s-e6288f93cd5453d54b1119dde6c8963a av-styling- av-hover-grow av-hide-overflow avia-align-center  avia-builder-el-16  avia-builder-el-no-sibling '   itemprop=\"image\" itemscope=\"itemscope\" itemtype=\"https:\/\/schema.org\/ImageObject\" ><div class=\"avia-image-container-inner\"><div class=\"avia-image-overlay-wrap\"><a href=\"https:\/\/www.assmann-kiel.de\/index.php\/rehatechnik-mobilitaetshilfen\/\" class='avia_image' ><img decoding=\"async\" class='wp-image-520 avia-img-lazy-loading-not-520 avia_image ' src=\"https:\/\/www.assmann-kiel.de\/wp-content\/uploads\/2024\/08\/Mobilitaetshilfen-300x169.png\" alt='' title='Mobilit\u00e4tshilfen'  height=\"169\" width=\"300\"  itemprop=\"thumbnailUrl\" srcset=\"https:\/\/www.assmann-kiel.de\/wp-content\/uploads\/2024\/08\/Mobilitaetshilfen-300x169.png 300w, https:\/\/www.assmann-kiel.de\/wp-content\/uploads\/2024\/08\/Mobilitaetshilfen-1030x579.png 1030w, https:\/\/www.assmann-kiel.de\/wp-content\/uploads\/2024\/08\/Mobilitaetshilfen-768x432.png 768w, https:\/\/www.assmann-kiel.de\/wp-content\/uploads\/2024\/08\/Mobilitaetshilfen-705x397.png 705w, https:\/\/www.assmann-kiel.de\/wp-content\/uploads\/2024\/08\/Mobilitaetshilfen.png 1280w\" sizes=\"(max-width: 300px) 100vw, 300px\" \/><\/a><\/div><\/div><\/div><\/div>\n<div class='flex_column av-ptlh7-0ed6113d701d7f9e39b3e7668ac5fdbf av_one_third  avia-builder-el-17  el_after_av_one_third  el_before_av_one_third  flex_column_div column-top-margin'     ><style type=\"text\/css\" data-created_by=\"avia_inline_auto\" id=\"style-css-av-la0q5qbn-5cdde4b868f6a5722de1dee156350197\">\n.avia-image-container.av-la0q5qbn-5cdde4b868f6a5722de1dee156350197 img.avia_image{\nbox-shadow:none;\n}\n.avia-image-container.av-la0q5qbn-5cdde4b868f6a5722de1dee156350197 .av-image-caption-overlay-center{\ncolor:#ffffff;\n}\n<\/style>\n<div  class='avia-image-container av-la0q5qbn-5cdde4b868f6a5722de1dee156350197 av-styling- av-hover-grow av-hide-overflow avia-align-center  avia-builder-el-18  avia-builder-el-no-sibling '   itemprop=\"image\" itemscope=\"itemscope\" itemtype=\"https:\/\/schema.org\/ImageObject\" ><div class=\"avia-image-container-inner\"><div class=\"avia-image-overlay-wrap\"><a href=\"https:\/\/www.assmann-kiel.de\/index.php\/rehatechnik-bariatrie-versorgung\/\" class='avia_image' ><img decoding=\"async\" class='wp-image-812 avia-img-lazy-loading-not-812 avia_image ' src=\"https:\/\/www.assmann-kiel.de\/wp-content\/uploads\/2025\/06\/XXL-Versorgung-300x169.png\" alt='' title='XXL - Versorgung'  height=\"169\" width=\"300\"  itemprop=\"thumbnailUrl\" srcset=\"https:\/\/www.assmann-kiel.de\/wp-content\/uploads\/2025\/06\/XXL-Versorgung-300x169.png 300w, https:\/\/www.assmann-kiel.de\/wp-content\/uploads\/2025\/06\/XXL-Versorgung-1030x579.png 1030w, https:\/\/www.assmann-kiel.de\/wp-content\/uploads\/2025\/06\/XXL-Versorgung-768x432.png 768w, https:\/\/www.assmann-kiel.de\/wp-content\/uploads\/2025\/06\/XXL-Versorgung-705x397.png 705w, https:\/\/www.assmann-kiel.de\/wp-content\/uploads\/2025\/06\/XXL-Versorgung.png 1280w\" sizes=\"(max-width: 300px) 100vw, 300px\" \/><\/a><\/div><\/div><\/div><\/div><div class='flex_column av-l16or-cad8d68c84673a93297c17c430cc5aef av_one_third  avia-builder-el-19  el_after_av_one_third  el_before_av_one_full  flex_column_div column-top-margin'     ><style type=\"text\/css\" data-created_by=\"avia_inline_auto\" id=\"style-css-av-la0q65yg-f6ab66aa0991e75211cf8d7b1df2ff85\">\n.avia-image-container.av-la0q65yg-f6ab66aa0991e75211cf8d7b1df2ff85 img.avia_image{\nbox-shadow:none;\n}\n.avia-image-container.av-la0q65yg-f6ab66aa0991e75211cf8d7b1df2ff85 .av-image-caption-overlay-center{\ncolor:#ffffff;\n}\n<\/style>\n<div  class='avia-image-container av-la0q65yg-f6ab66aa0991e75211cf8d7b1df2ff85 av-styling- av-hover-grow av-hide-overflow avia-align-center  avia-builder-el-20  avia-builder-el-no-sibling '   itemprop=\"image\" itemscope=\"itemscope\" itemtype=\"https:\/\/schema.org\/ImageObject\" ><div class=\"avia-image-container-inner\"><div class=\"avia-image-overlay-wrap\"><a href=\"https:\/\/www.assmann-kiel.de\/index.php\/rehatechnik-robotisierte-unterstuetzung\/\" class='avia_image' ><img decoding=\"async\" class='wp-image-521 avia-img-lazy-loading-not-521 avia_image ' src=\"https:\/\/www.assmann-kiel.de\/wp-content\/uploads\/2024\/08\/Robo-300x169.png\" alt='' title='Robo'  height=\"169\" width=\"300\"  itemprop=\"thumbnailUrl\" srcset=\"https:\/\/www.assmann-kiel.de\/wp-content\/uploads\/2024\/08\/Robo-300x169.png 300w, https:\/\/www.assmann-kiel.de\/wp-content\/uploads\/2024\/08\/Robo-1030x579.png 1030w, https:\/\/www.assmann-kiel.de\/wp-content\/uploads\/2024\/08\/Robo-768x432.png 768w, https:\/\/www.assmann-kiel.de\/wp-content\/uploads\/2024\/08\/Robo-705x397.png 705w, https:\/\/www.assmann-kiel.de\/wp-content\/uploads\/2024\/08\/Robo.png 1280w\" sizes=\"(max-width: 300px) 100vw, 300px\" \/><\/a><\/div><\/div><\/div><\/div><\/p>\n<div class='flex_column av-d1i7f-b45e77987df1070ea2c6ade8e750b3ba av_one_full  avia-builder-el-21  el_after_av_one_third  avia-builder-el-last  first flex_column_div column-top-margin'     ><style type=\"text\/css\" data-created_by=\"avia_inline_auto\" id=\"style-css-av-bmcdv-9924583954ba926bea456098a2b87e45\">\n#top .hr.hr-invisible.av-bmcdv-9924583954ba926bea456098a2b87e45{\nheight:200px;\n}\n<\/style>\n<div  class='hr av-bmcdv-9924583954ba926bea456098a2b87e45 hr-invisible  avia-builder-el-22  avia-builder-el-no-sibling '><span class='hr-inner '><span class=\"hr-inner-style\"><\/span><\/span><\/div><\/div>\n","protected":false},"excerpt":{"rendered":"","protected":false},"author":1,"featured_media":0,"parent":0,"menu_order":0,"comment_status":"closed","ping_status":"closed","template":"","meta":{"footnotes":""},"class_list":["post-259","page","type-page","status-publish","hentry"],"_links":{"self":[{"href":"https:\/\/www.assmann-kiel.de\/index.php\/wp-json\/wp\/v2\/pages\/259","targetHints":{"allow":["GET"]}}],"collection":[{"href":"https:\/\/www.assmann-kiel.de\/index.php\/wp-json\/wp\/v2\/pages"}],"about":[{"href":"https:\/\/www.assmann-kiel.de\/index.php\/wp-json\/wp\/v2\/types\/page"}],"author":[{"embeddable":true,"href":"https:\/\/www.assmann-kiel.de\/index.php\/wp-json\/wp\/v2\/users\/1"}],"replies":[{"embeddable":true,"href":"https:\/\/www.assmann-kiel.de\/index.php\/wp-json\/wp\/v2\/comments?post=259"}],"version-history":[{"count":17,"href":"https:\/\/www.assmann-kiel.de\/index.php\/wp-json\/wp\/v2\/pages\/259\/revisions"}],"predecessor-version":[{"id":813,"href":"https:\/\/www.assmann-kiel.de\/index.php\/wp-json\/wp\/v2\/pages\/259\/revisions\/813"}],"wp:attachment":[{"href":"https:\/\/www.assmann-kiel.de\/index.php\/wp-json\/wp\/v2\/media?parent=259"}],"curies":[{"name":"wp","href":"https:\/\/api.w.org\/{rel}","templated":true}]}}